{"id":350,"date":"2025-08-10T19:02:21","date_gmt":"2025-08-10T17:02:21","guid":{"rendered":"https:\/\/pochon.ovh\/?page_id=350"},"modified":"2025-08-10T23:26:08","modified_gmt":"2025-08-10T21:26:08","slug":"pourquoi-jai-fait-ce-blog","status":"publish","type":"page","link":"https:\/\/pochon.ovh\/index.php\/pourquoi-jai-fait-ce-blog\/","title":{"rendered":"Pourquoi j&rsquo;ai fait ce blog&#8230;"},"content":{"rendered":"\n<p class=\"wp-block-paragraph\">A la base, c&rsquo;\u00e9tait pr\u00e9vu pour donner des nouvelles \u00e0 certains membres de ma famille qui ne sont pas sur les r\u00e9seaux sociaux, r\u00e9seaux que j&rsquo;abhorre personnellement (surtout les groupes&#8230;), m\u00eame si j&rsquo;en utilise quelques-uns professionnellement. Puis j&rsquo;ai \u00e9largi \u00e0 une partie des coll\u00e8gues de travail (celles et ceux avec lesquel-le-s je discute de vacances) ou \u00e0 des amis de la vraie vie.<\/p>\n\n\n\n<p class=\"wp-block-paragraph\">Cela m&rsquo;a \u00e9galement permis, du point de vue professionnel, de tester \u00ab\u00a0en live\u00a0\u00bb quelques applications de r\u00e9\u00e9chantillonnage d&rsquo;images et de vid\u00e9os et de voir s&rsquo;il vaudrait la peine de les d\u00e9ployer sur les centaines de tablettes que je g\u00e8re. Nous avons tr\u00e8s r\u00e9guli\u00e8rement le probl\u00e8me d&rsquo;utilisateurs qui font sans s&rsquo;en rendre compte des vid\u00e9os et des images \u00e9l\u00e9phantesques et qui saturent leur mat\u00e9riel.<\/p>\n\n\n\n<p class=\"wp-block-paragraph\">Enfin, pour tout dire, le fait de compl\u00e9ter et de retoucher ce blog a posteriori me permet de me replonger dans l&rsquo;ambiance car les jours d&rsquo;apr\u00e8s, c&rsquo;est vraiment dur d&rsquo;atterrir&#8230;<\/p>\n\n\n\n<p class=\"wp-block-paragraph\">J&rsquo;ai laiss\u00e9 le blog en \u00ab\u00a0public\u00a0\u00bb car il n&rsquo;y a que des photos qui ne posent pas de probl\u00e8me quant au respect de la vie priv\u00e9e.<\/p>\n\n\n\n<p class=\"wp-block-paragraph\">Donc peut-\u00eatre es-tu un parfait inconnu pour moi, toi qui lis ces lignes,  Dans ce cas, la seule chose que je te demande, si tu veux utiliser mes mots ou mes photos, est d&rsquo;en citer la provenance. Merci d&rsquo;avance!<\/p>\n\n\n\n<p class=\"wp-block-paragraph\">Je pense que l&rsquo;avantage d&rsquo;un blog est qu&rsquo;on va le consulter si on le d\u00e9sire et que si \u00e7a ne nous pla\u00eet pas, on n&rsquo;y va simplement plus. En outre, il faut un certain effort pour le faire. On choisit donc mieux ce qu&rsquo;on y met. On \u00e9vite ainsi de balancer les photos de pizza ou de bi\u00e8res devant la plage qui sont parfaitement insupportables (spoil : vos amis n&rsquo;en ont rien \u00e0 f&#8230;ou alors on n&rsquo;a heureusement pas les m\u00eames&#8230;)<\/p>\n\n\n\n<p class=\"wp-block-paragraph\">Bonne consultation et surtout, bon voyage en Ecosse, \u00e7a vaut la peine, c&rsquo;est trop beau !<\/p>\n\n\n\n<p class=\"wp-block-paragraph\">PGP, 10 ao\u00fbt 2025.<\/p>\n\n\n\n<figure class=\"wp-block-image size-large\"><img loading=\"lazy\" decoding=\"async\" width=\"1024\" height=\"683\" src=\"https:\/\/pochon.ovh\/wp-content\/uploads\/2025\/08\/2B9A1950-1024x683.jpg\" alt=\"\" class=\"wp-image-355\" srcset=\"https:\/\/pochon.ovh\/wp-content\/uploads\/2025\/08\/2B9A1950-1024x683.jpg 1024w, https:\/\/pochon.ovh\/wp-content\/uploads\/2025\/08\/2B9A1950-300x200.jpg 300w, https:\/\/pochon.ovh\/wp-content\/uploads\/2025\/08\/2B9A1950-768x512.jpg 768w, https:\/\/pochon.ovh\/wp-content\/uploads\/2025\/08\/2B9A1950-1536x1024.jpg 1536w, https:\/\/pochon.ovh\/wp-content\/uploads\/2025\/08\/2B9A1950.jpg 1620w\" sizes=\"auto, (max-width: 1024px) 100vw, 1024px\" \/><\/figure>\n","protected":false},"excerpt":{"rendered":"<p>A la base, c&rsquo;\u00e9tait pr\u00e9vu pour donner des nouvelles \u00e0 certains membres de ma famille qui ne sont pas sur les r\u00e9seaux sociaux, r\u00e9seaux que j&rsquo;abhorre personnellement (surtout les groupes&#8230;), m\u00eame si j&rsquo;en utilise quelques-uns professionnellement. Puis j&rsquo;ai \u00e9largi \u00e0 une partie des coll\u00e8gues de travail (celles et ceux avec lesquel-le-s je discute de vacances) [&hellip;]<\/p>\n","protected":false},"author":2,"featured_media":0,"parent":0,"menu_order":0,"comment_status":"closed","ping_status":"closed","template":"","meta":{"_crdt_document":"","footnotes":""},"class_list":["post-350","page","type-page","status-publish","hentry"],"_links":{"self":[{"href":"https:\/\/pochon.ovh\/index.php\/wp-json\/wp\/v2\/pages\/350","targetHints":{"allow":["GET"]}}],"collection":[{"href":"https:\/\/pochon.ovh\/index.php\/wp-json\/wp\/v2\/pages"}],"about":[{"href":"https:\/\/pochon.ovh\/index.php\/wp-json\/wp\/v2\/types\/page"}],"author":[{"embeddable":true,"href":"https:\/\/pochon.ovh\/index.php\/wp-json\/wp\/v2\/users\/2"}],"replies":[{"embeddable":true,"href":"https:\/\/pochon.ovh\/index.php\/wp-json\/wp\/v2\/comments?post=350"}],"version-history":[{"count":9,"href":"https:\/\/pochon.ovh\/index.php\/wp-json\/wp\/v2\/pages\/350\/revisions"}],"predecessor-version":[{"id":426,"href":"https:\/\/pochon.ovh\/index.php\/wp-json\/wp\/v2\/pages\/350\/revisions\/426"}],"wp:attachment":[{"href":"https:\/\/pochon.ovh\/index.php\/wp-json\/wp\/v2\/media?parent=350"}],"curies":[{"name":"wp","href":"https:\/\/api.w.org\/{rel}","templated":true}]}}